{"id":2853,"date":"2024-11-16T18:38:55","date_gmt":"2024-11-16T18:38:55","guid":{"rendered":"https:\/\/itotkd.org\/?page_id=2853"},"modified":"2024-11-16T18:39:32","modified_gmt":"2024-11-16T18:39:32","slug":"la-forma-vacia","status":"publish","type":"page","link":"https:\/\/itotkd.org\/?page_id=2853","title":{"rendered":"La forma vac\u00eda"},"content":{"rendered":"<p><img loading=\"lazy\" decoding=\"async\" class=\"aligncenter size-medium wp-image-2851\" src=\"https:\/\/itotkd.org\/wp-content\/uploads\/la-forma-vacia-160x300.jpg\" alt=\"\" width=\"160\" height=\"300\" srcset=\"https:\/\/itotkd.org\/wp-content\/uploads\/la-forma-vacia-160x300.jpg 160w, https:\/\/itotkd.org\/wp-content\/uploads\/la-forma-vacia.jpg 207w\" sizes=\"auto, (max-width: 160px) 100vw, 160px\" \/><\/p>\n<p>Siempre ha existido la forma vac\u00eda, esa ejecutada por gran cantidad de practicantes en busca de una perfecci\u00f3n estil\u00edstica de dif\u00edcil utilidad pr\u00e1ctica.<\/p>\n<p>En la confecci\u00f3n de las formas intervienen una serie de factores que muy rara vez logran ser tenidos en cuenta.<\/p>\n<p>En Taekwon-Do el General Choi su fundador y desarrollador indiscutible, incluy\u00f3 cantidad de detalles en la confecci\u00f3n de las 24 formas que alimentan parte de su arte. Desde el simbolismo hasta la cronolog\u00eda que ilustra fechas significativas de la Corea ancestral; las personas que alimentaron su historia, incluyendo en la cantidad de los movimientos y el diagrama a seguir fechas significativas alusivas a estos personajes. Sin embargo y mas all\u00e1 de lo encomiable de este resumen hist\u00f3rico esta la manera de ejecutar todos y cada uno de los 970 movimientos involucrados, muchos de ellos repetidos, algunos sim\u00e9tricamente y otros no.<\/p>\n<p>\u00bfQue esta estructura ha evolucionado? sin ninguna duda que s\u00ed, pero solamente en manos de su Fundador. Lo hecho a posteriori de su fallecimiento ha sido solo el delirio de quienes se consideran a s\u00ed mismos m\u00e1s papistas que el Papa, siendo en el fondo la mayor\u00eda de ellos no creyentes para sintetizar lo el\u00edptico de la frase.<\/p>\n<p>El uso del cuerpo por parte del alumnado tambi\u00e9n ha cambiado. Hoy las ejecuciones son mucho m\u00e1s art\u00edsticas, mas controladas. Tambi\u00e9n son m\u00e1s generalizadas esas elocuentes realizaciones incentivadas por la necesidad de ocupar lugares destacados en los innumerables torneos donde deben ser lucidas.<\/p>\n<p>Se ha hablado hasta el hartazgo acerca del enfoque deportivo del arte y la poca orientaci\u00f3n hacia el aspecto marcial. Pues bien, esta moda ha influenciado de manera muy marcada la ejecuci\u00f3n de los movimientos, que mas all\u00e1 de existir una variedad biomec\u00e1nica estimulada por la ausencia de una \u00fanica entidad regente, se ejecutan con marcada ausencia de intenci\u00f3n y faltos de potencia.<\/p>\n<p>La obsesi\u00f3n por cumplir con el detalle impuesto en los \u201cseminarios\u201d dictados al respecto, ha construido una intencionalidad en la ejecuci\u00f3n totalmente disociada del verdadero sentido de los movimientos.<\/p>\n<p>En otras palabras la mente del ejecutante est\u00e1 enfocada en cumplir los detalles y no en la utilidad pr\u00e1ctica del movimiento.<\/p>\n<p>Entre las tantas cosas que alimentan la estructura de las formas (simbolismo, historia, diagrama y su biomec\u00e1nica) est\u00e1 el porqu\u00e9 de cada movimiento. El estudio de este detalle permite relacionarse con la intenci\u00f3n que su creador supo darle a todos y cada uno de los movimientos. Sin esto estamos solamente ejecutando un show coreogr\u00e1fico, en ocasiones atractivo pero vac\u00edo de contenido. La pregunta a hacerse es la siguiente: cuando estoy ejecutando una forma lo estoy haciendo para satisfacer al gur\u00fa que dict\u00f3 el \u00faltimo seminario o lo hago para mejorar mi efectividad en la defensa personal, porque de eso se trata, de defensa personal o \u00bfesto es cosa del pasado?<\/p>\n<p>Es tambi\u00e9n curioso que los capitostes que dictan las nuevas reglas a seguir hayan obviado el detalle de partir desde un punto y retornar al mismo y exacto lugar como lo indica la norma y el diagrama. Este importante detalle los llevar\u00e1 a corroborar si la biomec\u00e1nica es la correcta o no, porque si no lo es, al punto de partida usted no vuelve.<\/p>\n<p>Las formas son una manera entre otras de entrenar movimientos para la defensa personal frente a varios adversarios, dif\u00edciles de poder hacer en el combate libre deportivo que est\u00e1 dise\u00f1ado solo contra un oponente y con un sinn\u00famero de restricciones reglamentarias.<\/p>\n<p>El estudio de las formas permite mejorar notablemente el manejo corporal y los \u00e1ngulos en las ejecuciones de ataques y bloqueos, desde el piso y desde el aire. Se entiende que todos y cada uno de los movimientos est\u00e1 dise\u00f1ado para defender la integridad f\u00edsica de su ejecutante, por lo tanto deben ser ejecutados con naturalidad, ausencia de rigidez y m\u00e1xima potencia. Las ejecuciones coreogr\u00e1ficas que no contemplen este pensamiento solo alimentan la forma vac\u00eda, construida solo para satisfacer el criterio de los ocasionales jueces del pr\u00f3ximo torneo al cual se ir\u00e1 a participar.<\/p>\n<p><strong><em>SGM Ricardo Desimone\u00a0 \u00a0<\/em><\/strong><\/p>\n<p><span style=\"color: #0000ff;\"><strong>Para estar actualizado lea nuevamente las notas anteriores<\/strong><\/span><\/p>\n","protected":false},"excerpt":{"rendered":"<p>Siempre ha existido la forma vac\u00eda, esa ejecutada por gran cantidad de practicantes en busca de una perfecci\u00f3n estil\u00edstica de dif\u00edcil utilidad pr\u00e1ctica. En la confecci\u00f3n de las formas intervienen una serie de factores que muy rara vez logran ser &hellip; <a href=\"https:\/\/itotkd.org\/?page_id=2853\">Sigue leyendo <span class=\"meta-nav\">&rarr;<\/span><\/a><\/p>\n","protected":false},"author":1,"featured_media":0,"parent":94,"menu_order":0,"comment_status":"closed","ping_status":"closed","template":"","meta":{"footnotes":""},"class_list":["post-2853","page","type-page","status-publish","hentry"],"_links":{"self":[{"href":"https:\/\/itotkd.org\/index.php?rest_route=\/wp\/v2\/pages\/2853","targetHints":{"allow":["GET"]}}],"collection":[{"href":"https:\/\/itotkd.org\/index.php?rest_route=\/wp\/v2\/pages"}],"about":[{"href":"https:\/\/itotkd.org\/index.php?rest_route=\/wp\/v2\/types\/page"}],"author":[{"embeddable":true,"href":"https:\/\/itotkd.org\/index.php?rest_route=\/wp\/v2\/users\/1"}],"replies":[{"embeddable":true,"href":"https:\/\/itotkd.org\/index.php?rest_route=%2Fwp%2Fv2%2Fcomments&post=2853"}],"version-history":[{"count":1,"href":"https:\/\/itotkd.org\/index.php?rest_route=\/wp\/v2\/pages\/2853\/revisions"}],"predecessor-version":[{"id":2854,"href":"https:\/\/itotkd.org\/index.php?rest_route=\/wp\/v2\/pages\/2853\/revisions\/2854"}],"up":[{"embeddable":true,"href":"https:\/\/itotkd.org\/index.php?rest_route=\/wp\/v2\/pages\/94"}],"wp:attachment":[{"href":"https:\/\/itotkd.org\/index.php?rest_route=%2Fwp%2Fv2%2Fmedia&parent=2853"}],"curies":[{"name":"wp","href":"https:\/\/api.w.org\/{rel}","templated":true}]}}