{"id":2841,"date":"2024-10-19T20:39:17","date_gmt":"2024-10-19T20:39:17","guid":{"rendered":"https:\/\/itotkd.org\/?page_id=2841"},"modified":"2024-10-19T20:44:32","modified_gmt":"2024-10-19T20:44:32","slug":"estamos-perdiendo-el-taekwon-do-creado-por-el-gral-choi","status":"publish","type":"page","link":"https:\/\/itotkd.org\/?page_id=2841","title":{"rendered":"\u00bfEstamos perdiendo el Taekwon-Do creado por el Gral Choi?"},"content":{"rendered":"<p><img loading=\"lazy\" decoding=\"async\" class=\"aligncenter size-medium wp-image-2847\" src=\"https:\/\/itotkd.org\/wp-content\/uploads\/loosing-gral-choi-tkd-3-226x300.jpg\" alt=\"\" width=\"226\" height=\"300\" srcset=\"https:\/\/itotkd.org\/wp-content\/uploads\/loosing-gral-choi-tkd-3-226x300.jpg 226w, https:\/\/itotkd.org\/wp-content\/uploads\/loosing-gral-choi-tkd-3.jpg 545w\" sizes=\"auto, (max-width: 226px) 100vw, 226px\" \/><\/p>\n<p>Un comentario: definitivamente el nombre de Taekwondo y las t\u00e9cnicas utilizadas en las Olimpiadas 2024 no tienen nada en com\u00fan con nuestro arte que suena igual pero se escribe de una manera diferente y tiene otros prop\u00f3sitos y otra utilidad pr\u00e1ctica.<\/p>\n<p>Quiero hacer hincapi\u00e9 en lo que est\u00e1 sucediendo hoy en d\u00eda en la ense\u00f1anza del Taekwon-Do, c\u00f3mo estamos llevando a cabo la transferencia de conocimientos y cu\u00e1l ser\u00e1 el resultado de la educaci\u00f3n actual.\u00a0\u00a0 Se supone que un seminario o un IIC son muy serios y son ocasiones especiales para transferir los detalles, para unificar los criterios utilizados y para adquirir los conocimientos que la nueva generaci\u00f3n de cintos negros aun no tiene.<\/p>\n<p>No se necesita un Cinto Negro de alto grado para entrenar combinaciones de patadas y pu\u00f1etazos que cualquier instructor puede ense\u00f1ar. \u00bfCrees que es necesario un cinto negro de alto grado para pedir a las personas presentes en un seminario patadas y pu\u00f1etazos que normalmente son combinaciones imaginarias solo buenas para quien da la orden?\u00a0 M\u00e1s all\u00e1 de este detalle, tambi\u00e9n es importante recalcar que no se puede dar una orden general de combinaciones t\u00e9cnicas deportivas cuando \u00e9stas no pueden ser utilizadas por todas las personas all\u00ed presentes.\u00a0 Ser\u00eda igual a \u00a0pensar que todos los alumnos o practicantes van a luchar del mismo modo, imposible.<\/p>\n<p>Es m\u00e1s, cuando un alto grado est\u00e1 ense\u00f1ando de esta manera, solo est\u00e1 mostrando lo que es bueno para \u00e9l o lo que cree que es bueno para \u00e9l.\u00a0 El general Choi Hong Hi nunca ense\u00f1\u00f3 nada sobre el \u00e1rea deportiva. Siempre consider\u00f3 que no era bueno hablar de esta parte en un seminario; no es el lugar adecuado para eso, sol\u00eda decir.<\/p>\n<p>Cuando se dan \u00f3rdenes generales o se muestra una combinaci\u00f3n no se est\u00e1 teniendo en cuenta a las personas all\u00ed presentes: algunos son m\u00e1s altos, otros m\u00e1s corpulentos, algunos son j\u00f3venes y otros mayores, etc\u00e9tera. Algunas t\u00e9cnicas pueden ser buenas para ciertas estructuras y no de buen uso para otras. No todas las edades tienen las mismas posibilidades. Resumiendo, hacer eso es mostrar falta de experiencia en la ense\u00f1anza.<\/p>\n<p>Probablemente y solo probablemente sea un buen m\u00e9todo para mejorar las condiciones de aquellos que buscan el Taekwon-Do solo como un deporte. Para poder aplicar este m\u00e9todo, es necesario tener en cuenta que el uso de las combinaciones t\u00e9cnicas deportivas solo es \u00fatil en esa \u00e1rea, contra un solo oponente y llena de restricciones establecidas por las reglas de la competencia. Pero un arte marcial es otra cosa que requiere una forma diferente de pensar y entrenar. El Taekwon-Do del Gral Choi es sin duda un arte marcial que delega en los instructores directos las diferentes formas de entrenar a sus alumnos para el \u00e1rea deportiva.<\/p>\n<p>En una ocasi\u00f3n y acompa\u00f1ando como traductor al Fundador del arte que dictaba un seminario en una ciudad argentina, uno de los asistentes all\u00ed presentes (que era un buen competidor en combate libre) le pregunt\u00f3 repetidas veces sobre el tema deportivo y c\u00f3mo detener a un atacante en ese tipo de combate si este es m\u00e1s alto que uno.<\/p>\n<p>El Gral Choi y cansado de la misma pregunta dijo, no es el lugar adecuado para considerar preguntas deportivas, sin embargo y debido a la persistente indagaci\u00f3n al respecto haremos una excepci\u00f3n: OK eres m\u00e1s alto que yo, ven a atacarme y llevando las manos a su espalda, se movi\u00f3 un poco sin ning\u00fan movimiento excesivo mientras el estudiante lo atacaba,\u00a0 el General repentinamente contraataca pateando al ocasional oponente justo en el nudo del cinto.<\/p>\n<p>Todos comienzan a aplaudir ante la sorpresa del estudiante que no pudo imaginar tal resoluci\u00f3n. Despu\u00e9s de esta notable respuesta, el Fundador dijo: nadie puede ense\u00f1ar a resolver tal momento. Eso es personal, vi la oportunidad de contraatacar y as\u00ed lo hice, pero como un acto reflejo y sin pensarlo.<\/p>\n<p>En conclusi\u00f3n, nadie puede ense\u00f1ar c\u00f3mo defender la integridad f\u00edsica de los dem\u00e1s de manera sist\u00e9mica o con combinaciones preestablecidas, porque todas las personas son diferentes en su estructura y reflejos como diferentes son tambi\u00e9n las circunstancias. Lo importante a resaltar de esta an\u00e9cdota es evitar cambiar el destino de los encuentros o reuniones. El lugar de ejercicio es donde los estudiantes van a entrenar diariamente y a perfeccionar sus conocimientos bajo la gu\u00eda del Instructor.<\/p>\n<p>Un seminario o IIC son oportunidades especiales para aprender y ense\u00f1ar acerca de la estructura del Arte, su protocolo, su sistema pedag\u00f3gico, la biomec\u00e1nica de sus movimientos y la comprensi\u00f3n de la parte filos\u00f3fica (Do). Pero es necesario dejar en claro fundamentalmente la diferencia existente entre el arte marcial y el sistema de lucha normalmente utilizado en el \u00e1rea deportiva. Gracias por su tiempo.<\/p>\n<p><strong><em>SGM Ricardo Desimone<\/em><\/strong><\/p>\n<p><strong><span style=\"color: #3366ff;\">Para estar actualizado lea nuevamente las notas anteriores<\/span><\/strong><\/p>\n","protected":false},"excerpt":{"rendered":"<p>Un comentario: definitivamente el nombre de Taekwondo y las t\u00e9cnicas utilizadas en las Olimpiadas 2024 no tienen nada en com\u00fan con nuestro arte que suena igual pero se escribe de una manera diferente y tiene otros prop\u00f3sitos y otra utilidad &hellip; <a href=\"https:\/\/itotkd.org\/?page_id=2841\">Sigue leyendo <span class=\"meta-nav\">&rarr;<\/span><\/a><\/p>\n","protected":false},"author":1,"featured_media":0,"parent":94,"menu_order":0,"comment_status":"closed","ping_status":"closed","template":"","meta":{"footnotes":""},"class_list":["post-2841","page","type-page","status-publish","hentry"],"_links":{"self":[{"href":"https:\/\/itotkd.org\/index.php?rest_route=\/wp\/v2\/pages\/2841","targetHints":{"allow":["GET"]}}],"collection":[{"href":"https:\/\/itotkd.org\/index.php?rest_route=\/wp\/v2\/pages"}],"about":[{"href":"https:\/\/itotkd.org\/index.php?rest_route=\/wp\/v2\/types\/page"}],"author":[{"embeddable":true,"href":"https:\/\/itotkd.org\/index.php?rest_route=\/wp\/v2\/users\/1"}],"replies":[{"embeddable":true,"href":"https:\/\/itotkd.org\/index.php?rest_route=%2Fwp%2Fv2%2Fcomments&post=2841"}],"version-history":[{"count":2,"href":"https:\/\/itotkd.org\/index.php?rest_route=\/wp\/v2\/pages\/2841\/revisions"}],"predecessor-version":[{"id":2848,"href":"https:\/\/itotkd.org\/index.php?rest_route=\/wp\/v2\/pages\/2841\/revisions\/2848"}],"up":[{"embeddable":true,"href":"https:\/\/itotkd.org\/index.php?rest_route=\/wp\/v2\/pages\/94"}],"wp:attachment":[{"href":"https:\/\/itotkd.org\/index.php?rest_route=%2Fwp%2Fv2%2Fmedia&parent=2841"}],"curies":[{"name":"wp","href":"https:\/\/api.w.org\/{rel}","templated":true}]}}