{"id":2668,"date":"2022-09-30T14:18:40","date_gmt":"2022-09-30T14:18:40","guid":{"rendered":"http:\/\/itotkd.org\/?page_id=2668"},"modified":"2023-09-26T18:17:05","modified_gmt":"2023-09-26T18:17:05","slug":"triunfalismo","status":"publish","type":"page","link":"https:\/\/itotkd.org\/?page_id=2668","title":{"rendered":"Triunfalismo"},"content":{"rendered":"<p><img loading=\"lazy\" decoding=\"async\" class=\"aligncenter size-medium wp-image-2666\" src=\"https:\/\/itotkd.org\/wp-content\/uploads\/imagen-de-Triunfalismo-240x300.jpg\" alt=\"\" width=\"240\" height=\"300\" srcset=\"https:\/\/itotkd.org\/wp-content\/uploads\/imagen-de-Triunfalismo-240x300.jpg 240w, https:\/\/itotkd.org\/wp-content\/uploads\/imagen-de-Triunfalismo-768x960.jpg 768w, https:\/\/itotkd.org\/wp-content\/uploads\/imagen-de-Triunfalismo.jpg 819w\" sizes=\"auto, (max-width: 240px) 100vw, 240px\" \/><\/p>\n<p>Uno de los detalles que normalmente se se\u00f1alaban d\u00e9cadas atr\u00e1s para diferenciar al Taekwon-Do fundado y desarrollado por el Gral. Choi Hong Hi y el hoy llamado Taekwondo Ol\u00edmpico, era el empecinamiento de este ultimo enfatizando que la actividad era un deporte. Entre otras cosas, esta estrategia fue usada para acceder al olimpismo, pero una vez conseguido este objetivo, empezaron a te\u00f1irlo de arte marcial tambi\u00e9n. En ese entonces, toda actividad del organismo llamado WTF era la organizaci\u00f3n de competencias. Para poder alimentar ese destino, las clases se orientaban exclusivamente al aspecto deportivo soslayando toda atenci\u00f3n a quienes no tuviesen aptitudes para ese campo. En el otro lado de la moneda llamada Taekwon-Do estaba el arte perge\u00f1ado por el Gral. Choi cuyas clases eran orientadas a ense\u00f1ar la disciplina marcial tal y como fuese concebida por \u00e9l como su fundador. En este desarrollo marcial estaba incluida la faceta deportiva en condiciones tales que pudiese ser llevada a cabo sin interferir en el desarrollo originalmente previsto. \u00a0El \u00e9nfasis puesto en el sistema pedag\u00f3gico que se difund\u00eda en todo el mundo por igual de la mano de su creador en los seminarios y en la de sus Maestros e Instructores autorizados en las clases cotidianas, permiti\u00f3 que la diferencia entre Taekwon-Do y Taekwondo fuese muy marcada.<\/p>\n<p>\u201cJuguemos en el bosque ahora que el lobo no est\u00e1\u201d, reza una frase de una conocida historia infantil. Ante la desaparici\u00f3n f\u00edsica del General, el sistema pedag\u00f3gico por \u00e9l dise\u00f1ado empez\u00f3 a desdibujarse. Aquel aspecto deportivo que si bien estaba incluido en el desarrollo de la actividad para quienes ya hubiesen desarrollado herramientas para actuarlo, apart\u00f3 a los codazos al arte marcial para predominar en el nuevo sistema pedag\u00f3gico. El cambio ps\u00edquico no se hizo esperar y la nueva forma de pensar era m\u00e1s deportiva que marcial, a punto tal, que todo aquello que no estuviese relacionado con la competencia, es mirado de soslayo. Los conocimientos del arte para la defensa personal son temas a tratar espor\u00e1dicamente, m\u00e1s por obligaci\u00f3n que por convicci\u00f3n. Esta nueva forma de proceder conlleva una nueva forma de pensar que le pasa por encima al Do y a los conocimientos f\u00edsicos necesarios para la autodefensa y con actitud de total desinter\u00e9s. Participar en cuanto torneo se presente es parte del ritual, no importa si este es barrial o nacional. La medalla o el trofeo se han constituido en el objetivo a lograr.<\/p>\n<p>Nadie repara que si lo nombran campe\u00f3n nacional es solo de la instituci\u00f3n que patrocina el evento. No lo puede ser nacional completamente porque hay infinidad de instituciones que tambi\u00e9n proponen esto.<\/p>\n<p>Con los campeones continentales y mundiales pasa lo mismo aunque no se diga.<\/p>\n<p>En la diversidad de entidades est\u00e1 la diversidad de reglas para la competencia y cuando esto pasa el campe\u00f3n de una organizaci\u00f3n puede que en otra no lo sea, ya que las regulaciones que rigen la competencia cambian. Lo dicho pone de manifiesto que la cabeza del practicante tiene un horizonte llamado triunfalismo cuyo \u00fanico destino es un premio acu\u00f1ado en ilusiones. En otras palabras el triunfalismo ha cobrado vida y el arte marcial est\u00e1 agonizando. El triunfalismo trae consigo una forma inequ\u00edvoca de pensar y de perseguir objetivos. Cuando se consigue alg\u00fan campeonato se comienza a so\u00f1ar con estamentos m\u00e1s altos. Si lo conseguido es nacional, el pr\u00f3ximo debe ser continental y si este se logra, el que sigue es mundial. Si este \u00faltimo se consiguiese se comienza a perge\u00f1ar la idea de YO EL MEJOR, EL INVENCIBLE.<\/p>\n<p>Es curioso pero en la defensa personal no se piensa as\u00ed, ya que salvar el pellejo es el \u00fanico triunfo buscado. Para quienes piensan YO EL INVENCIBLE, YO EL MEJOR, es necesario recordarles que mas all\u00e1 de los grandes campeones deportivos que sin lugar a dudas los hay y los ha habido, especialmente cuando el Taekwon-Do era uno solo, que el mejor siempre ha sido Kronos. Muchos han intentado despojarlo de su sitial de privilegio pero no han tenido \u00e9xito. Es invicto en todas las categor\u00edas y en todas las instituciones. Es m\u00e1s, su reinado abarca todas las razas y a todos los sistemas de pelea. Si Usted cree que no es as\u00ed, solo tiene que desafiarlo.<\/p>\n<p><em><strong>SGM Ricardo Desimone<\/strong><\/em><\/p>\n<p><span style=\"color: #0000ff;\">Para estar actualizado vuelva a leer las notas anteriores<\/span><\/p>\n<p>&nbsp;<\/p>\n","protected":false},"excerpt":{"rendered":"<p>Uno de los detalles que normalmente se se\u00f1alaban d\u00e9cadas atr\u00e1s para diferenciar al Taekwon-Do fundado y desarrollado por el Gral. Choi Hong Hi y el hoy llamado Taekwondo Ol\u00edmpico, era el empecinamiento de este ultimo enfatizando que la actividad era &hellip; <a href=\"https:\/\/itotkd.org\/?page_id=2668\">Sigue leyendo <span class=\"meta-nav\">&rarr;<\/span><\/a><\/p>\n","protected":false},"author":3,"featured_media":0,"parent":94,"menu_order":6,"comment_status":"closed","ping_status":"closed","template":"","meta":{"footnotes":""},"class_list":["post-2668","page","type-page","status-publish","hentry"],"_links":{"self":[{"href":"https:\/\/itotkd.org\/index.php?rest_route=\/wp\/v2\/pages\/2668","targetHints":{"allow":["GET"]}}],"collection":[{"href":"https:\/\/itotkd.org\/index.php?rest_route=\/wp\/v2\/pages"}],"about":[{"href":"https:\/\/itotkd.org\/index.php?rest_route=\/wp\/v2\/types\/page"}],"author":[{"embeddable":true,"href":"https:\/\/itotkd.org\/index.php?rest_route=\/wp\/v2\/users\/3"}],"replies":[{"embeddable":true,"href":"https:\/\/itotkd.org\/index.php?rest_route=%2Fwp%2Fv2%2Fcomments&post=2668"}],"version-history":[{"count":1,"href":"https:\/\/itotkd.org\/index.php?rest_route=\/wp\/v2\/pages\/2668\/revisions"}],"predecessor-version":[{"id":2669,"href":"https:\/\/itotkd.org\/index.php?rest_route=\/wp\/v2\/pages\/2668\/revisions\/2669"}],"up":[{"embeddable":true,"href":"https:\/\/itotkd.org\/index.php?rest_route=\/wp\/v2\/pages\/94"}],"wp:attachment":[{"href":"https:\/\/itotkd.org\/index.php?rest_route=%2Fwp%2Fv2%2Fmedia&parent=2668"}],"curies":[{"name":"wp","href":"https:\/\/api.w.org\/{rel}","templated":true}]}}