{"id":2145,"date":"2021-07-07T18:47:14","date_gmt":"2021-07-07T18:47:14","guid":{"rendered":"http:\/\/itotkd.org\/?page_id=2145"},"modified":"2022-09-30T14:24:02","modified_gmt":"2022-09-30T14:24:02","slug":"es-evolutivo-el-taekwon-do","status":"publish","type":"page","link":"https:\/\/itotkd.org\/?page_id=2145","title":{"rendered":"\u00bfEs Evolutivo el Taekwon-Do?"},"content":{"rendered":"<p><img loading=\"lazy\" decoding=\"async\" class=\"aligncenter wp-image-2143 size-full\" src=\"https:\/\/itotkd.org\/wp-content\/uploads\/Taekwondo-evolutivo.jpg\" alt=\"\" width=\"466\" height=\"285\" srcset=\"https:\/\/itotkd.org\/wp-content\/uploads\/Taekwondo-evolutivo.jpg 466w, https:\/\/itotkd.org\/wp-content\/uploads\/Taekwondo-evolutivo-300x183.jpg 300w\" sizes=\"auto, (max-width: 466px) 100vw, 466px\" \/><\/p>\n<p>Es evidente que en la actualidad los distintos medios sociales han ido desplazando marcadamente a aquellos elementos que siempre se hab\u00edan utilizado para informar o publicitar. Si bien las revistas no han desaparecido, si se les ha ido relegando de manera importante la funci\u00f3n de informar. Las clases y comunicaciones virtuales tambi\u00e9n han contribuido para que haya cambiado el medio informativo y publicitario.<\/p>\n<p>En esta nueva realidad medi\u00e1tica se publican pensamientos y creencias con severidad informativa, sin contar tales publicaciones con la investigaci\u00f3n o certidumbre que los acredite como tal.<\/p>\n<p>Entre tales divulgaciones se ha dicho con m\u00e1s asiduidad de lo imaginado, que Taekwon-Do es evolutivo, pero sin explicar con rigor cient\u00edfico tal aseveraci\u00f3n.<\/p>\n<p>En varias ocasiones yo mismo he escrito en distintas notas publicadas en diferentes revistas, que efectivamente Taekwon-Do es evolutivo; pero tal aseveraci\u00f3n la hac\u00eda en los tiempos que su Fundador estaba con vida, porque en realidad as\u00ed ha sido. Tal afirmaci\u00f3n despu\u00e9s de su fallecimiento es una falacia.<\/p>\n<p>El Taekwon-Do era evolutivo en manos de su creador o fundador, en manos de alguien m\u00e1s es una mutilaci\u00f3n. Seg\u00fan el diccionario, la evoluci\u00f3n es algo que se transforma progresivamente; por supuesto, en las manos de su creador solamente. Si alguien m\u00e1s podr\u00eda hacerlo, \u00bfpara qu\u00e9 rasgarse las vestiduras hablando del legado? \u00bfPor qu\u00e9 preocuparse por el detalle t\u00e9cnico si ma\u00f1ana ya no importar\u00e1?<\/p>\n<p>Hoy se siguen las directivas t\u00e9cnicas del capitoste de turno no las emanadas del Fundador, lo cual es una forma t\u00e1cita de desconocerlo. A las desfiguraciones que caprichosamente le han dado el nombre de evoluci\u00f3n, hay que agradecerle la diversidad t\u00e9cnica e institucional de hoy.<\/p>\n<p>Como traductor al Espa\u00f1ol del Gral. Choi Hong Hi en m\u00e1s de 10 seminarios de Instructor Internacional y de su enciclopedia condensada en ese idioma (versi\u00f3n 1995), puedo asegurar con total objetividad que la actual mal llamada evoluci\u00f3n no es m\u00e1s que una modificaci\u00f3n, tergiversaci\u00f3n y manipulaci\u00f3n a conveniencia.<\/p>\n<p>En uno de los seminarios en los que estaba asistiendo al General con la traducci\u00f3n del mismo, uno de los Instructores presentes (hoy en el grado de 9no. Dan) le cuestion\u00f3 al Fundador frente a todos los mas de 500 participantes all\u00ed presentes, la aplicaci\u00f3n y explicaci\u00f3n de una t\u00e9cnica en una forma de 2do Dan, a lo que el General visiblemente molesto le responde \u201c<strong>esto es como yo lo explico porque el Taekwon-Do soy yo<\/strong>\u201d, merecida respuesta a tama\u00f1o atrevimiento. Por lo tanto, toda evoluci\u00f3n solo era propia en sus manos.<\/p>\n<p>Es imposible pensar que esa evoluci\u00f3n no existi\u00f3, toda vez que para quienes hemos estado desde los comienzos de la actividad en los distintos pa\u00edses, es f\u00e1cilmente constatable la diferencia existente en el desarrollo biomec\u00e1nico utilizado entonces, con el que finalmente se termin\u00f3 transfiriendo hasta el a\u00f1o 2001. El uso de los uniformes, los sistemas de protecci\u00f3n y las reglas deportivas, tambi\u00e9n fueron incluidos en esa transformaci\u00f3n que finaliz\u00f3 sin posibilidad de enmienda, con el fallecimiento de quien fundara la disciplina.<\/p>\n<p>Hablar hoy de Taekwon-Do evolutivo es tratar de justificar alguna caprichosa modificaci\u00f3n o para ocultar ignorancia por no haber estado en aquellos momentos, no importa en manos de quien viene, sencillamente no es posible.<\/p>\n<p>Hoy tampoco existe una sola entidad de las que usan la misma sigla, que contenga el Taekwon-Do que el General Choi fundara. La diversidad es enorme y esto tambi\u00e9n est\u00e1 fuera de lo instrumentado por \u00e9l. \u00a0Por lo tanto en esa pluralidad existente, alguien o varios pueden tratar de explicarle al estudiantado que Taekwon-Do es evolutivo, pero ocult\u00e1ndole la fecha en la que esta evoluci\u00f3n se detuvo.<\/p>\n<p>Para contrarrestar esta falacia, solo se puede decir que Taekwon-Do ha sido evolutivo hasta el a\u00f1o 2001, de ah\u00ed en adelante toda evoluci\u00f3n que quieran hacerle, pertenece al delirio de alguien a quien los Danes se le han subido a la cabeza.<\/p>\n<p><span style=\"color: #0000ff;\"><strong>Para estar actualizado no deje de leer las notas anteriores<\/strong><\/span><\/p>\n","protected":false},"excerpt":{"rendered":"<p>Es evidente que en la actualidad los distintos medios sociales han ido desplazando marcadamente a aquellos elementos que siempre se hab\u00edan utilizado para informar o publicitar. Si bien las revistas no han desaparecido, si se les ha ido relegando de &hellip; <a href=\"https:\/\/itotkd.org\/?page_id=2145\">Sigue leyendo <span class=\"meta-nav\">&rarr;<\/span><\/a><\/p>\n","protected":false},"author":3,"featured_media":0,"parent":94,"menu_order":3,"comment_status":"closed","ping_status":"closed","template":"","meta":{"footnotes":""},"class_list":["post-2145","page","type-page","status-publish","hentry"],"_links":{"self":[{"href":"https:\/\/itotkd.org\/index.php?rest_route=\/wp\/v2\/pages\/2145","targetHints":{"allow":["GET"]}}],"collection":[{"href":"https:\/\/itotkd.org\/index.php?rest_route=\/wp\/v2\/pages"}],"about":[{"href":"https:\/\/itotkd.org\/index.php?rest_route=\/wp\/v2\/types\/page"}],"author":[{"embeddable":true,"href":"https:\/\/itotkd.org\/index.php?rest_route=\/wp\/v2\/users\/3"}],"replies":[{"embeddable":true,"href":"https:\/\/itotkd.org\/index.php?rest_route=%2Fwp%2Fv2%2Fcomments&post=2145"}],"version-history":[{"count":1,"href":"https:\/\/itotkd.org\/index.php?rest_route=\/wp\/v2\/pages\/2145\/revisions"}],"predecessor-version":[{"id":2146,"href":"https:\/\/itotkd.org\/index.php?rest_route=\/wp\/v2\/pages\/2145\/revisions\/2146"}],"up":[{"embeddable":true,"href":"https:\/\/itotkd.org\/index.php?rest_route=\/wp\/v2\/pages\/94"}],"wp:attachment":[{"href":"https:\/\/itotkd.org\/index.php?rest_route=%2Fwp%2Fv2%2Fmedia&parent=2145"}],"curies":[{"name":"wp","href":"https:\/\/api.w.org\/{rel}","templated":true}]}}