{"id":2114,"date":"2021-02-26T18:09:47","date_gmt":"2021-02-26T18:09:47","guid":{"rendered":"http:\/\/itotkd.org\/?page_id=2114"},"modified":"2021-10-26T16:10:11","modified_gmt":"2021-10-26T16:10:11","slug":"la-loca-carrera-hacia-la-cima","status":"publish","type":"page","link":"https:\/\/itotkd.org\/?page_id=2114","title":{"rendered":"La loca carrera hacia la cima"},"content":{"rendered":"<p><img loading=\"lazy\" decoding=\"async\" class=\"aligncenter size-thumbnail wp-image-2112\" src=\"https:\/\/itotkd.org\/wp-content\/uploads\/imagen-de-loca-carrera-hacia-la-cima-2-150x150.jpg\" alt=\"\" width=\"150\" height=\"150\" \/><\/p>\n<p>Al comienzo del desarrollo del Arte en Occidente, hab\u00eda muy pocos estudiantes en todos los pa\u00edses miembros. Taekwon-Do estaba luchando por sobrevivir en un mundo de artes marciales que se resist\u00eda a su inclusi\u00f3n. En aquellos d\u00edas (finales de la d\u00e9cada de 1960), generalmente se llamaba karate Coreano. La influencia de las pel\u00edculas y series de televisi\u00f3n empuj\u00f3 a la gente a practicar artes marciales, convirtiendo a los pocos estudiantes en un grupo grande, y el nombre Taekwon-Do fue definitivamente aceptado. La evoluci\u00f3n de los estudiantes en sus conocimientos y rangos no fue tan r\u00e1pida como lo es hoy en d\u00eda. El compromiso con la disciplina, la filosof\u00eda y la eficiencia tambi\u00e9n fue diferente y esencial porque el aspecto deportivo no era dominante. Todo el mundo se dedic\u00f3 a adquirir conocimientos y habilidades para justificar el rango obtenido. Los cintos de color avanzados actuaron como asistentes para ayudar a los pocos instructores existentes. Un cintur\u00f3n negro era una curiosidad respetada y sus rangos eran 1\u00aa o 2\u00aa Dan la m\u00e1s alta.<\/p>\n<p>En aquellos d\u00edas, un instructor occidental con 4\u00ba Dan o superior era una ilusi\u00f3n. Todas estas categor\u00edas avanzadas eran s\u00f3lo un sue\u00f1o, as\u00ed como sus supuestas capacidades t\u00e9cnicas. Las categor\u00edas de Masters eran pr\u00e1cticamente imposibles de alcanzar. En aquellos d\u00edas el \u00fanico Grand Master era el General Choi Hong Hi, fundador del Arte, y el resto de los altos rangos internacionales eran 5\u00ba o 6\u00ba Dan. El tiempo pasa y la evoluci\u00f3n de la disciplina fue exponencial, t\u00e9cnica y demogr\u00e1ficamente. Los cinturones negros ya no eran una curiosidad y se convirtieron en un nivel com\u00fan a alcanzar.<\/p>\n<p>Lo mismo sucedi\u00f3 con las categor\u00edas superiores; Instructor International y Master se convirtieron en voces conocidas para nombrar a las personas que ense\u00f1an Taekwon-Do. Sin embargo, el octavo y noveno grado todav\u00eda se consideraban la \u00e9lite en todo el mundo y sus titulares eran normalmente cercanos al Fundador. Estos niveles ten\u00edan la extraordinaria condici\u00f3n de ser pioneros en sus propios pa\u00edses y con un conocimiento particular que las otras categor\u00edas no ten\u00edan. La evoluci\u00f3n demogr\u00e1fica trajo una nueva comprensi\u00f3n de las promociones y sus requisitos.<\/p>\n<p>Hay muchos m\u00e1s Instructores Internacionales, Masters y Grand Masters que en aquellos d\u00edas, pero el reconocimiento general de estos altos rangos no es la misma que hace a\u00f1os. En t\u00e9rminos comparativos a lo largo del tiempo, las siguientes preguntas son pertinentes: \u00bfes hoy el reconocimiento de los rangos obtenidas lo mismo que en los primeros d\u00edas? \u00bfEst\u00e1n las personas promovidas preocupadas por justificar la categor\u00eda adquirida como en aquellos tiempos, o es s\u00f3lo una carrera loca hacia la cima?<\/p>\n<p>Cuando la Instituci\u00f3n que otorga los rangos es s\u00f3lo una, la propia Entidad regula las plazas a ocupar de acuerdo a las capacidades de los individuos y no s\u00f3lo por la categor\u00eda que tiene la persona. Hoy en d\u00eda todas estas categor\u00edas superiores (con o sin capacidades personales) buscan liderar sus propias Entidades y ocupar un lugar cuyo reconocimiento p\u00fablico se est\u00e1 haciendo cada d\u00eda m\u00e1s peque\u00f1o. Demogr\u00e1ficamente, Taekwon-Do ha crecido, pero institucionalmente, se ha debilitado por la fragmentaci\u00f3n.<\/p>\n<p>El ej\u00e9rcito tiene muchos generales, pero cada uno s\u00f3lo comanda una compa\u00f1\u00eda de ese ej\u00e9rcito. Para controlar todo el Ej\u00e9rcito, ser\u00e1 necesaria la aprobaci\u00f3n de todos los Generales para apoyar a uno de ellos. Hoy estamos en todo lo contrario de esa verdad. En esta carrera loca a la cima, estamos perdiendo el respeto por muchas cosas: el tiempo requerido entre categor\u00edas y la edad m\u00ednima para ocuparla, \u00a0entrenamiento, filosof\u00eda, conocimiento te\u00f3rico, y la capacidad real de estos altos rangos. Cumplir con los requisitos establecidos por una Entidad reconocida m\u00e1s el entrenamiento diario permite ocupar el rango adecuadamente.<\/p>\n<p>El trabajo diario en los elementos enumerados anteriormente es la \u00fanica ruta factible. El tiempo entre categor\u00edas es inevitable; sin embargo, el tiempo por s\u00ed solo no produce la calidad necesaria para ocupar un lugar. Tener informaci\u00f3n actualizada y una aptitud f\u00edsica adecuada es el camino correcto. Es necesario entender el significado de las palabras. Es imperativo buscar en el diccionario la explicaci\u00f3n de la palabra <em>activa<\/em> para reconocer la actitud <em>pasiva<\/em> de algunas personas. Muchas personas quieren vivir de su pasado siguiendo el viejo dicho de alcanzar la fama y echarse a dormir. El pasado sin presente es un signo inequ\u00edvoco de personas retiradas.<\/p>\n<p><span style=\"color: #3366ff;\"><strong>Para estar informado vuelva a leer las notas anteriores<\/strong><\/span><\/p>\n","protected":false},"excerpt":{"rendered":"<p>Al comienzo del desarrollo del Arte en Occidente, hab\u00eda muy pocos estudiantes en todos los pa\u00edses miembros. Taekwon-Do estaba luchando por sobrevivir en un mundo de artes marciales que se resist\u00eda a su inclusi\u00f3n. En aquellos d\u00edas (finales de la &hellip; <a href=\"https:\/\/itotkd.org\/?page_id=2114\">Sigue leyendo <span class=\"meta-nav\">&rarr;<\/span><\/a><\/p>\n","protected":false},"author":3,"featured_media":0,"parent":94,"menu_order":3,"comment_status":"closed","ping_status":"closed","template":"","meta":{"footnotes":""},"class_list":["post-2114","page","type-page","status-publish","hentry"],"_links":{"self":[{"href":"https:\/\/itotkd.org\/index.php?rest_route=\/wp\/v2\/pages\/2114","targetHints":{"allow":["GET"]}}],"collection":[{"href":"https:\/\/itotkd.org\/index.php?rest_route=\/wp\/v2\/pages"}],"about":[{"href":"https:\/\/itotkd.org\/index.php?rest_route=\/wp\/v2\/types\/page"}],"author":[{"embeddable":true,"href":"https:\/\/itotkd.org\/index.php?rest_route=\/wp\/v2\/users\/3"}],"replies":[{"embeddable":true,"href":"https:\/\/itotkd.org\/index.php?rest_route=%2Fwp%2Fv2%2Fcomments&post=2114"}],"version-history":[{"count":1,"href":"https:\/\/itotkd.org\/index.php?rest_route=\/wp\/v2\/pages\/2114\/revisions"}],"predecessor-version":[{"id":2115,"href":"https:\/\/itotkd.org\/index.php?rest_route=\/wp\/v2\/pages\/2114\/revisions\/2115"}],"up":[{"embeddable":true,"href":"https:\/\/itotkd.org\/index.php?rest_route=\/wp\/v2\/pages\/94"}],"wp:attachment":[{"href":"https:\/\/itotkd.org\/index.php?rest_route=%2Fwp%2Fv2%2Fmedia&parent=2114"}],"curies":[{"name":"wp","href":"https:\/\/api.w.org\/{rel}","templated":true}]}}