{"id":2043,"date":"2019-11-04T19:47:34","date_gmt":"2019-11-04T19:47:34","guid":{"rendered":"http:\/\/itotkd.org\/?page_id=2043"},"modified":"2020-06-09T20:08:48","modified_gmt":"2020-06-09T20:08:48","slug":"la-actual-competencia-de-formas-esta-modificando-el-taekwon-do","status":"publish","type":"page","link":"https:\/\/itotkd.org\/?page_id=2043","title":{"rendered":"La competencia de formas est\u00e1 modificando el Taekwon-Do?"},"content":{"rendered":"<p><a href=\"https:\/\/itotkd.org\/wp-content\/uploads\/onda-sinusoidal-sin-puntos.jpg\"><img loading=\"lazy\" decoding=\"async\" class=\"aligncenter wp-image-2041 size-full\" src=\"https:\/\/itotkd.org\/wp-content\/uploads\/onda-sinusoidal-sin-puntos.jpg\" alt=\"\" width=\"498\" height=\"222\" srcset=\"https:\/\/itotkd.org\/wp-content\/uploads\/onda-sinusoidal-sin-puntos.jpg 498w, https:\/\/itotkd.org\/wp-content\/uploads\/onda-sinusoidal-sin-puntos-300x134.jpg 300w\" sizes=\"auto, (max-width: 498px) 100vw, 498px\" \/><\/a><\/p>\n<p>Diferentes reglas son aplicadas en las entidades que organizan torneos, sin importar si estos son nacionales, continentales o campeonatos mundiales.<\/p>\n<p>Yo he escrito acerca de los particulares intereses que mueven a estas entidades a usar diferentes reglas o distintos uniformes para diferenciarse unas de otras, sin importar si ellos usan el mismo nombre para llamar a sus administraciones y proclaman ser descendientes del mismo maestro, en este caso, el Fundador del Arte (vea \u201cEl Taekwon-Do y sus ofertas\u201d en este mismo sitio Web). Ellas est\u00e1n usando el nombre del Gral. Choi y sus formas (Tul) como factor com\u00fan para alcanzar sus particulares objetivos, no obstante no son la misma cosa, solo algo similar.<\/p>\n<p>La actual preocupaci\u00f3n es que sus diferentes reglas deportivas y otras identificaciones han modificado la biomec\u00e1nica del legado. Las modificaciones establecidas hoy d\u00eda en todas y cada una de las entidades del \u201cestilo\u201d, han involucrado a todos los rangos, categor\u00edas y a todas las etnias, lo cual significa que maestros Orientales y Occidentales est\u00e1n implicados en esta alteraci\u00f3n.<\/p>\n<p>Es hoy d\u00eda el Gral. Choi una gu\u00eda y referencia a seguir en el uso de la biomec\u00e1nica de los movimientos?<\/p>\n<p>La tecnolog\u00eda actual y los medios sociales nos permiten ver varios videos acerca del Fundador en acci\u00f3n y explicando los movimientos apropiados y sus aplicaciones. Estos son los suficientemente claros para entender la disparidad existente con las diferentes biomec\u00e1nicas usadas por todas y cada una de las entidades que utilizan su nombre.<\/p>\n<p>La rigidez y los movimientos irreales siempre fueron mencionados como err\u00f3neos (puedo dar fe de ello como traductor del Gral. Choi al Espa\u00f1ol en muchos seminarios durante varios a\u00f1os y tambi\u00e9n de su enciclopedia condensada), no obstante, hoy d\u00eda estas ejecuciones err\u00f3neas aparentemente son el camino a seguir.<\/p>\n<p>Las formas (Tul) son solamente una exigencia para los ex\u00e1menes? \u00a0Son estas solamente otro \u00edtem de competencia m\u00e1s? \u00a0Ellas nunca tuvieron tal destino en su creaci\u00f3n.<\/p>\n<p>Todos los movimientos involucrados en las 24 formas fueron dise\u00f1ados para resolver diferentes circunstancias de defensa personal. Por lo tanto, su ejecuci\u00f3n debe ser hecha libre de rigidez y acompa\u00f1ada por la correcta biomec\u00e1nica para conservar la utilidad de sus movimientos.<\/p>\n<p>Una buena patada tiene que ser ejecutada siguiendo los pasos o detalles preestablecidos y a la altura requerida. Una \u201csupuesta\u201d patada lateral o de costado a 180 grados en altura, no es una correcta y sobresaliente ejecuci\u00f3n sino un error.<\/p>\n<p>Hoy d\u00eda la onda sinusoide tiene un caprichoso uso, incluyendo una flexi\u00f3n extra de las rodillas donde no es requerido. En ocasiones esta flexi\u00f3n adicional asemeja a una divertida reverencia o un saludo de cortes\u00eda. Su aplicaci\u00f3n forzada se debe al mal uso de las rodillas. Esto es biomec\u00e1nica b\u00e1sica. Recuerda Usted cuando el Gral. Choi advert\u00eda que no deb\u00edan extenderse las piernas cuando el movimiento estaba en desarrollo? Cuando una persona extiende sus piernas mientras el movimiento est\u00e1 en desarrollo, no tiene otra opci\u00f3n que doblar las rodillas forzadamente para crear una innecesaria y \u201cforzada onda sinusoidal\u201d para cumplir con el actual requerimiento.<\/p>\n<p>Este detalle hace irreal al movimiento porque se supone que Usted est\u00e1 frente a un oponente y no hay tiempo ni oportunidad para hacer tal cosa.<\/p>\n<p>Curiosamente la gente que est\u00e1 ense\u00f1ando tal ejecuci\u00f3n es la misma que hasta hace un par de a\u00f1os atr\u00e1s llamaba a la onda sinusoide <em>\u201cmovimiento ondulante<\/em>\u201d. Es evidente que ellos nunca entendieron que los movimientos ondulantes solo existen en las danzas Hawaianas pero nunca en Taekwon-Do.<\/p>\n<p>Como hecho curioso, yo coment\u00e9 al Gral. Choi acerca de esta forma de llamar a la onda sinusoide y en ese tiempo, \u00e9l me dijo que aquellos que usan esa manera err\u00f3nea para describir el movimiento, es porque desconocen el uso cient\u00edfico de la onda sinusoidal y sus particularidades.<\/p>\n<p>El cuerpo humano la produce naturalmente sin ninguna necesidad de forzar su implementaci\u00f3n.<\/p>\n<p>Para utilizar sus beneficios, solo se necesita la adecuada flexi\u00f3n de las rodillas.<\/p>\n<p>La onda sinusoide err\u00f3neamente aplicada, los movimientos ejecutados con rigidez y las patadas que no siguen los detalles requeridos, modifican la correcta biomec\u00e1nica ya establecida como un legado.<\/p>\n<p>En otras palabras, la err\u00f3nea utilizaci\u00f3n de las ejecuciones est\u00e1 modificando Taekwon-Do.<\/p>\n<p>Cada vez que un campeonato o un torneo es programado u organizado, se requiere una reuni\u00f3n con Jueces y \u00c1rbitros para estandarizar, entre otras cosas, la evaluaci\u00f3n de las t\u00e9cnicas usadas en la competencia de formas.<\/p>\n<p>La aprobaci\u00f3n de los errores mencionados anteriormente, es una muy buena forma de inducir el criterio de los Jueces para premiar la biomec\u00e1nica err\u00f3nea.<\/p>\n<p>Es normal que los participantes traten de imitar a los campeones de las diferentes categor\u00edas, por lo tanto y despu\u00e9s de varios eventos organizados bajo estas\u00a0 instrucciones, se transforma en correcto lo err\u00f3neo y viceversa, que es peor. Gracias por su atenci\u00f3n<\/p>\n<p><strong><em>Senior Grand Master Ricardo Desimone<\/em><\/strong><\/p>\n<p><strong><span style=\"color: #3366ff;\">Para estar actualizado vuelva a leer las notas anteriores<\/span><\/strong><\/p>\n","protected":false},"excerpt":{"rendered":"<p>Diferentes reglas son aplicadas en las entidades que organizan torneos, sin importar si estos son nacionales, continentales o campeonatos mundiales. Yo he escrito acerca de los particulares intereses que mueven a estas entidades a usar diferentes reglas o distintos uniformes &hellip; <a href=\"https:\/\/itotkd.org\/?page_id=2043\">Sigue leyendo <span class=\"meta-nav\">&rarr;<\/span><\/a><\/p>\n","protected":false},"author":3,"featured_media":0,"parent":94,"menu_order":2,"comment_status":"closed","ping_status":"closed","template":"","meta":{"footnotes":""},"class_list":["post-2043","page","type-page","status-publish","hentry"],"_links":{"self":[{"href":"https:\/\/itotkd.org\/index.php?rest_route=\/wp\/v2\/pages\/2043","targetHints":{"allow":["GET"]}}],"collection":[{"href":"https:\/\/itotkd.org\/index.php?rest_route=\/wp\/v2\/pages"}],"about":[{"href":"https:\/\/itotkd.org\/index.php?rest_route=\/wp\/v2\/types\/page"}],"author":[{"embeddable":true,"href":"https:\/\/itotkd.org\/index.php?rest_route=\/wp\/v2\/users\/3"}],"replies":[{"embeddable":true,"href":"https:\/\/itotkd.org\/index.php?rest_route=%2Fwp%2Fv2%2Fcomments&post=2043"}],"version-history":[{"count":4,"href":"https:\/\/itotkd.org\/index.php?rest_route=\/wp\/v2\/pages\/2043\/revisions"}],"predecessor-version":[{"id":2060,"href":"https:\/\/itotkd.org\/index.php?rest_route=\/wp\/v2\/pages\/2043\/revisions\/2060"}],"up":[{"embeddable":true,"href":"https:\/\/itotkd.org\/index.php?rest_route=\/wp\/v2\/pages\/94"}],"wp:attachment":[{"href":"https:\/\/itotkd.org\/index.php?rest_route=%2Fwp%2Fv2%2Fmedia&parent=2043"}],"curies":[{"name":"wp","href":"https:\/\/api.w.org\/{rel}","templated":true}]}}