{"id":1729,"date":"2015-06-04T21:55:31","date_gmt":"2015-06-04T21:55:31","guid":{"rendered":"http:\/\/itotkd.org\/?page_id=1729"},"modified":"2016-10-31T22:36:51","modified_gmt":"2016-10-31T22:36:51","slug":"taekwon-do-y-sus-ofertas","status":"publish","type":"page","link":"https:\/\/itotkd.org\/?page_id=1729","title":{"rendered":"Taekwon-Do y sus ofertas"},"content":{"rendered":"<p><a href=\"https:\/\/itotkd.org\/wp-content\/uploads\/nota-espa\u00f1ol1.jpg\"><img loading=\"lazy\" decoding=\"async\" class=\"aligncenter size-medium wp-image-1730\" title=\"nota espa\u00f1ol\" src=\"https:\/\/itotkd.org\/wp-content\/uploads\/nota-espa\u00f1ol1-e1433452313167-300x300.jpg\" alt=\"\" width=\"300\" height=\"300\" \/><\/a><\/p>\n<p>Hay distintas ofertas acerca de la ense\u00f1anza y pr\u00e1ctica del Arte del Taekwon-Do.<\/p>\n<p>El nombre Taekwon-Do como factor com\u00fan a todos ellos, les permite ocupar un lugar en el mercado de las Artes Marciales.<\/p>\n<p>Cada uno de esos ofrecimientos es una entidad que agrupa una porci\u00f3n de ese mercado y regula la actividad de los adeptos a ella asociados.<\/p>\n<p>Seg\u00fan como se escriba la palabra, ser\u00e1 el sentido de pertenencia, su identificaci\u00f3n y sus objetivos.<\/p>\n<p>Para una mayor comprensi\u00f3n del ofrecimiento, podemos decir que hay detalles en la descripci\u00f3n de la actividad que nos ocupa, que permiten identificar r\u00e1pidamente de cual se trata.<\/p>\n<p>Los uniformes son parecidos pero no iguales. Las \u00f3rdenes y comandos son semejantes pero no las mismas, los antecedentes o historias de cada una de ellas muestran similitudes con controvertidos detalles. \u00a0Las reglas de competencia son dis\u00edmiles, lo cual establece que los campeones de cada categor\u00eda a nivel mundial, solo pueden serlo dentro de cada una de esas Instituciones; porque si las reglas son diferentes, no se puede garantizar el mismo resultado.<\/p>\n<p>Entre los ofrecimientos tambi\u00e9n tenemos: Taekwon-Do tradicional, Taekwon-Do original, Taekwondo Ol\u00edmpico, Taekwon-Do oficial, Taekwon-Do unificado, Taekwon-Do deportivo, Defensa Personal Taekwon-Do y toda una pl\u00e9yade de ofrecimientos con muy pocas cosas en com\u00fan con la versi\u00f3n dada a conocer por el Fundador de la actividad.<\/p>\n<p>\u00c9l personalmente se encarg\u00f3 de unificar un criterio durante innumerables viajes alrededor del mundo para evitar lo que finalmente sucedi\u00f3, la diversidad y la atomizaci\u00f3n de su obra.<\/p>\n<p>He sido parte y testigo del tozudo intento del Gral Choi Hong Hi por evitar que eso sucediese, porque tuve que asistirlo, traducirlo e interpretarlo durante muchos a\u00f1os.<\/p>\n<p>Se de sus reiterados discursos sobre un \u00fanico Taekwon-Do, un \u00fanico uniforme, una \u00fanica biomec\u00e1nica, \u00fanica filosof\u00eda y una \u00fanica Entidad que representara todo esto.<\/p>\n<p>El primer paso para la tan temida atomizaci\u00f3n lo dieron quienes escribieron la palabra toda junta y dijeron que la actividad era solo un deporte.<\/p>\n<p>Una vez conseguido el objetivo y ya con el olimpismo incorporado, empezaron a agregarle matices marciales y antecedentes que permitieran tambi\u00e9n llamarlo arte marcial.<\/p>\n<p>La otra parte de la atomizaci\u00f3n es intestina, empresarial y distintiva.<\/p>\n<p>Se lo escribe Taekwon-Do, tal y como se lo concibi\u00f3 originalmente, pero se le han adicionado elementos que permiten identificar claramente de que Taekwon-Do se trata.<\/p>\n<p>Esas identificaciones permiten vislumbrar r\u00e1pidamente de quien o quienes estamos hablando y los objetivos de cada una de ellas.<\/p>\n<p>Muchas veces se usa denigrar a las dem\u00e1s para atraer adeptos, pero son solo argucias publicitarias.<\/p>\n<p>Hay gente que agrega palabras a la palabra Taekwon-Do para justificar su existencia, su empresa y lograr as\u00ed una mayor parte de ese potencial mercado.<\/p>\n<p>Para este hecho, algunos agregan la palabra <em>tradicional<\/em> al nombre del Arte.<\/p>\n<p>Tal y como la etimolog\u00eda de la palabra lo indica, estar\u00edamos hablando de un est\u00e1tico legado cultural, sin ning\u00fan cambio desde su creaci\u00f3n que se transfiere de generaci\u00f3n en generaci\u00f3n.<\/p>\n<p>Una pregunta pertinente es: cu\u00e1l es la anterior generaci\u00f3n y cual la actual? Porqu\u00e9 habr\u00eda que ense\u00f1ar el Taekwon-Do de los 50&#8217;s, 60&#8217;s \u00f3 70s, si el propio Fundador se encarg\u00f3 de actualizarlo?<\/p>\n<p>Esto se da de cabeza contra un hecho irreversible, que Taekwon-Do es un arte evolutivo y que con esta caracter\u00edstica creci\u00f3 exponencialmente en todo el mundo en manos de su Fundador, quien frente a cuestionamientos que le hiciesen sobre peque\u00f1as,\u00a0 estudiadas y altamente chequeadas modificaciones por \u00e9l implementadas, respond\u00eda con un lac\u00f3nico,&#8230; <strong><em>el <\/em><\/strong><em>\u00a0<strong>Taekwon-Do soy yo. <\/strong><\/em><\/p>\n<p>Quienes acompa\u00f1amos esa evoluci\u00f3n sabemos, que los uniformes, la biomec\u00e1nica corporal y las reglas de competencia de los 60\/70s nada tienen que ver con lo utilizado en los noventa. Podemos entonces llamarlo tradicional? No, excepto que Usted quiera anunciar que ense\u00f1a el viejo y primitivo Taekwon-Do.<\/p>\n<p>No obstante, es tambi\u00e9n necesario resaltar que la mencionada evoluci\u00f3n en Taekwon-Do estuvo <em>solamente en manos de su Fundador<\/em>. Entonces, el \u00fanico Taekwon-Do deber\u00eda ser ese, la \u00faltima versi\u00f3n de las revisiones hechas por el Gral. Choi y aceptada como un legado.<\/p>\n<p>Algunos y por intereses personales, agregan la palabra <em>oficial<\/em> al nombre de la actividad, tratando de adjetivar <em>algo que no existe<\/em>.<\/p>\n<p>Para que una actividad sea considerada oficial \u00e9sta debe estar sustentada con fondos p\u00fablicos, por lo tanto, se realizar\u00eda en nombre y representaci\u00f3n del Estado involucrado.<\/p>\n<p>Bajo esta terminante explicaci\u00f3n del significado de la palabra <em>oficial<\/em>, la \u00fanica parte de la actividad que puede ser considerada como tal, es la que escribe la palabra Taekwondo toda junta y que responde a la descripci\u00f3n de deporte ol\u00edmpico.<\/p>\n<p>De las dem\u00e1s ninguna es oficial, porque ninguna cuenta con el reconocimiento estatal mencionado ni la subvenci\u00f3n de \u00e9ste, siendo solamente empresas privadas que usan especulativamente el status de Asociaci\u00f3n, Federaci\u00f3n, etc., muchas de ellas sin siquiera estar registradas legalmente de tal manera y sin la estructura y el manejo federativo obligatorios, para solo ser negocios privados que usan especulativamente ese estatus.<\/p>\n<p>Otros le agregan el t\u00e9rmino <em>unificado<\/em>, un absurdo. Todas y cada una de las empresas que explotan el nombre de la actividad llamada Taekwon-Do, tienen intereses creados dentro de cada una de estas divisiones.<\/p>\n<p>Es imposible pensar en una unificaci\u00f3n que pueda aceptar e incorporar a las dem\u00e1s en sus t\u00e9rminos individuales. Cada una de ellas puede ser incorporada a cualquiera de las otras si quien desea fusionarse as\u00ed lo acepta, lo que har\u00eda que desaparezca como individualidad.<\/p>\n<p>De qu\u00e9 clase de unificaci\u00f3n estamos hablando? biomec\u00e1nica?, en reglas de competencia?, en su filosof\u00eda?, en sus sistemas de promoci\u00f3n?. Nada de esto existe hasta hoy. Solo el Gral. Choi Hong Hi ten\u00eda el poder de resumir en una sola persona tal pretensi\u00f3n. En la actualidad absolutamente nadie ocupa ese lugar.<\/p>\n<p>McDonald y Burger King venden hamburguesas, sin embargo, las hamburguesas no son suficientes para unificar a estas empresas. Ambas pelean por el mismo mercado. Cu\u00e1l de ellas estar\u00eda dispuesta a desaparecer para fusionarse con la otra?<\/p>\n<p>No existe al presente ning\u00fan acuerdo de fusi\u00f3n entre entidades de Taekwon-Do, por lo tanto <em>no existe <\/em>el Taekwon-Do<em> unificado. <\/em><\/p>\n<p>Se dice que Taekwon-Do naci\u00f3 en Sur Corea en Abril 11 de 1955 porque Choi Hong Hi era un General del Ej\u00e9rcito de Corea del Sur en aquel entonces, sin embargo, Corea del Sur o del Norte no son propietarias de Taekwon-Do porque ese fue el deseo escrito del Gral. Choi.<\/p>\n<p>Recuerde las palabras de su Fundador, Taekwon-Do es un Arte Universal que no responde a bander\u00edas pol\u00edticas ni a pa\u00eds alguno (Enciclopedia TKD Vol. I p\u00e1gs. 10\/11).<\/p>\n<p>Si a Usted le dijeron que el arte en manos de asi\u00e1ticos es diferente, original y le ser\u00e1 mejor transferido, lo han enga\u00f1ado.<\/p>\n<p>El Gral. Choi Hong Hi, Fundador de la disciplina, se desvelaba porque su creaci\u00f3n estuviese a cargo de los nacionales de cada pa\u00eds y con ese concepto dict\u00f3 todos y cada uno de sus seminarios para Instructor.<\/p>\n<p>Si ser asi\u00e1tico fuese un condicionante para el dominio de este Arte y Usted no lo es, para que va a hacer el esfuerzo, no le parece?. Muchos orientales est\u00e1n aprendiendo Taekwon-Do bajo la Instrucci\u00f3n de occidentales.<\/p>\n<p>En conclusi\u00f3n: Taekwon-Do est\u00e1 donde el conocimiento est\u00e1. Cada organizaci\u00f3n tiene su Taekwon-Do <em>oficial<\/em> y ese Taekwon-Do es el <em>tradicional<\/em> de esa instituci\u00f3n. Cada entidad ha dado los pasos necesarios para unificar un criterio interno como la \u00fanica <em>unificaci\u00f3n<\/em> posible.<\/p>\n<p>Taekwon-Do tiene una \u00fanica verdad, se escribe como una palabra compleja, es un arte marcial que tiene una faceta deportiva y debe ser ense\u00f1ado por aquellos que tienen la capacidad y antecedentes necesarios para ello, independientemente de su raza y religi\u00f3n.<\/p>\n<p>Actualmente hay muy buenos Maestros y Organizaciones, pero en esa diversidad y al igual que en cualquier actividad humana, tambi\u00e9n puede hallar lo contrario,&#8230;est\u00e1 en Usted saberlo diferenciar.<\/p>\n<p><strong><em>Senior Grand Master Ricardo Desimone<\/em><\/strong><\/p>\n<p><strong><em>\u00a0\u00a0\u00a0\u00a0\u00a0\u00a0\u00a0\u00a0\u00a0\u00a0\u00a0\u00a0\u00a0\u00a0\u00a0\u00a0\u00a0\u00a0\u00a0\u00a0\u00a0\u00a0\u00a0 President<\/em><\/strong><\/p>\n<p><strong><em>International Taekwon-Do Organization<\/em><\/strong><\/p>\n<p>rpdesimone@hotmail.com<\/p>\n<p>&nbsp;<\/p>\n","protected":false},"excerpt":{"rendered":"<p>Hay distintas ofertas acerca de la ense\u00f1anza y pr\u00e1ctica del Arte del Taekwon-Do. El nombre Taekwon-Do como factor com\u00fan a todos ellos, les permite ocupar un lugar en el mercado de las Artes Marciales. Cada uno de esos ofrecimientos es &hellip; <a href=\"https:\/\/itotkd.org\/?page_id=1729\">Sigue leyendo <span class=\"meta-nav\">&rarr;<\/span><\/a><\/p>\n","protected":false},"author":3,"featured_media":0,"parent":94,"menu_order":6,"comment_status":"closed","ping_status":"closed","template":"","meta":{"footnotes":""},"class_list":["post-1729","page","type-page","status-publish","hentry"],"_links":{"self":[{"href":"https:\/\/itotkd.org\/index.php?rest_route=\/wp\/v2\/pages\/1729","targetHints":{"allow":["GET"]}}],"collection":[{"href":"https:\/\/itotkd.org\/index.php?rest_route=\/wp\/v2\/pages"}],"about":[{"href":"https:\/\/itotkd.org\/index.php?rest_route=\/wp\/v2\/types\/page"}],"author":[{"embeddable":true,"href":"https:\/\/itotkd.org\/index.php?rest_route=\/wp\/v2\/users\/3"}],"replies":[{"embeddable":true,"href":"https:\/\/itotkd.org\/index.php?rest_route=%2Fwp%2Fv2%2Fcomments&post=1729"}],"version-history":[{"count":5,"href":"https:\/\/itotkd.org\/index.php?rest_route=\/wp\/v2\/pages\/1729\/revisions"}],"predecessor-version":[{"id":1850,"href":"https:\/\/itotkd.org\/index.php?rest_route=\/wp\/v2\/pages\/1729\/revisions\/1850"}],"up":[{"embeddable":true,"href":"https:\/\/itotkd.org\/index.php?rest_route=\/wp\/v2\/pages\/94"}],"wp:attachment":[{"href":"https:\/\/itotkd.org\/index.php?rest_route=%2Fwp%2Fv2%2Fmedia&parent=1729"}],"curies":[{"name":"wp","href":"https:\/\/api.w.org\/{rel}","templated":true}]}}